 105 = -5*j, 0*b - 28 = -2*j - 5*b. Suppose 5*c = 6 + j. Calculate the greatest common factor of c and p.
5
Suppose 0 = -b + 4*b + 3*k - 6, 3*b + k - 14 = 0. Let d be (b/6)/(2/8). Suppose i - 2 = d. Calculate the greatest common divisor of 6 and i.
6
Suppose -5*y = 4*j - 86, y = -4*j + 129 - 35. Let v = 13 + -9. Let m(s) = s + 2. Let f be m(v). Calculate the highest common factor of j and f.
6
Let k = 13 - 11. Calculate the greatest common divisor of 2 and k.
2
Suppose -5*j + 530 + 10 = 0. Suppose -2*t - 62 = -5*k, 2*k + t = 5*t + 28. What is the highest common factor of j and k?
12
Let h(f) = f**2 + 6*f + 4. Let i be h(-5). Let j be i - (-97 + 0)/1. Let x be (-2)/(-6) + j/9. Calculate the greatest common factor of 55 and x.
11
Let f be (10/12)/((-8)/(-48)). What is the highest common divisor of f and 35?
5
Let u = 20 - 12. Let b(l) = 17*l**2 + 2*l. Let z be b(2). Calculate the greatest common divisor of z and u.
8
Let i(m) = -m**2 - 8*m + 7. Let l be i(-11). Let d = l + 36. Calculate the highest common divisor of d and 40.
10
Suppose 4*a - 12 = -y, 0*a = y - 5*a + 15. Suppose -3*w + 3*o + 63 = y, -6*w = -w - 3*o - 99. Calculate the greatest common factor of w and 2.
2
Suppose 0 = 4*s - 116 - 460. Calculate the highest common factor of s and 18.
18
Suppose -2*h + 114 = 3*n, 4*n - 3*n - 110 = -2*h. Suppose -5*r = -6 - 24. Calculate the highest common factor of h and r.
6
Let p = -24 - -33. Let s = 56 - -7. What is the greatest common divisor of s and p?
9
Let d be 3/(-9) + (-146)/(-6). Let x be ((-16)/3)/8 - (-182)/3. Calculate the highest common factor of d and x.
12
Let r(h) = 3*h + 2. Let a be r(3). What is the highest common factor of 77 and a?
11
Suppose 0 = -s + 3*c + 23, s - 4*c = 29 - 2. Let q = -92 + 136. Calculate the highest common factor of s and q.
11
Let n(z) = 5*z + 1. Let s be n(1). Suppose -3*x = 18 - 108. Calculate the greatest common factor of s and x.
6
Suppose 68 = 5*l - h - 23, 0 = -4*l + 3*h + 75. Suppose 3*n + 3*j - 26 - 43 = 0, -12 = 3*j. Calculate the highest common divisor of n and l.
9
Let m be 38/6 - (-10)/(-30). What is the highest common factor of 12 and m?
6
Let n(r) = 120*r**2. Let i be n(1). Suppose 5*b - 9 = 11. Suppose -58 - 2 = -b*h. Calculate the highest common factor of i and h.
15
Let i be 86/(5 - 3) + -3. Calculate the greatest common factor of i and 8.
8
Suppose 12 - 27 = -5*b. What is the highest common factor of 27 and b?
3
Let v(h) = h**3 - 19*h**2 + 3*h + 13. Let s be v(19). Calculate the greatest common factor of 35 and s.
35
Suppose -2*n = -t - 416, 5*t - 213 = -n + 3*t. Suppose -28*x + 35*x - 133 = 0. What is the highest common factor of x and n?
19
Let v be ((-1)/1 - 1) + 194. Calculate the highest common factor of 24 and v.
24
Let j be 4/3*(-9)/6. Let s(d) be the first derivative of -d**4 - d**3/3 - d**2 - 2*d + 2. Let i be s(j). Calculate the greatest common divisor of 10 and i.
10
Suppose -2*w + 2*d = 8, -5*d + 22 = 2*w - d. Let j be (-1 + 0)*w/(-1). Calculate the greatest common factor of j and 8.
1
Let o(b) = 2*b**2 - 2*b. Let p be o(2). Let y = p - -3. What is the greatest common factor of 14 and y?
7
Let t be 0*3/6 + 2. Suppose 2*g = 5*q + 20, -3*g = -4*g + t*q + 12. What is the greatest common factor of g and 2?
2
Let m be (-1)/(5/2 + -2). Let y be 0 + m + 1 - 44. Let u = -29 - y. What is the highest common factor of u and 16?
16
Let v be -4 - (720/(-3))/4. Calculate the highest common factor of 14 and v.
14
Suppose -11*j + 8 + 25 = 0. Suppose -3*f - f - 3*w - 7 = 0, 5*f + 14 = -2*w. Let p = j - f. Calculate the greatest common divisor of 7 and p.
7
Let w(o) = -o**2 - 8*o - 3. Let m be w(-7). Let u(s) = 3*s - 5. Let t be u(5). Suppose 5*c - 60 = -t. Calculate the highest common factor of c and m.
2
Suppose -2*w + 4*p + 80 = 0, -5*w + p - 5*p = -228. Let i be 1*(4 + -3) + 3. Suppose i*r = w - 0. What is the highest common divisor of r and 55?
11
Let o = 4 + 8. Let x be -2*(34 + -4)*-1. Calculate the greatest common factor of o and x.
12
Let o = -2 + 5. Suppose t + 2*x - 15 = -x, o*x = 3. Suppose -2*b + t = -4. Calculate the greatest common divisor of b and 64.
8
Let g be (-3)/(-9) - 754/(-6). Suppose 2*b - g = -b. Calculate the greatest common factor of b and 14.
14
Let x be 22 - (-3 + (-1 - -2)). Suppose 0 = -4*h + 2*v + 138, 2*v - 8 = -2. Calculate the greatest common factor of h and x.
12
Let t = -97 + 130. What is the greatest common factor of 77 and t?
11
Let v be (-3 - -87)*2/3. What is the greatest common factor of v and 84?
28
Suppose -5*y + 9 = -3*s, -9 = y - 4*y. Suppose x - s = 5. Let a = 114 + -79. What is the highest common factor of x and a?
7
Let v(y) = -7*y - 2. Let z be v(-2). What is the highest common factor of 12 and z?
12
Let u = -11 - -13. Suppose 4*s - u - 6 = 0. Calculate the greatest common divisor of 6 and s.
2
Let o be (-190)/(-114)*(-39)/(-1). Suppose -89 - 15 = -4*q. What is the greatest common factor of q and o?
13
Suppose -6 = 5*p + 3*f - 3, -5 = -5*p - 5*f. Let c be -2 - (2 + p + -64). Calculate the highest common divisor of c and 9.
9
Suppose -40*i + 50 = -35*i. What is the highest common factor of i and 90?
10
Let t be (2/3)/((-12)/(-54)). Suppose -t*n + 6 = -0. Suppose 3*k - 22 = n*k. Calculate the greatest common divisor of 33 and k.
11
Let j(p) = p**3 + p**2 + 3*p + 3. Let b be j(-2). Let h = b - -18. Calculate the greatest common divisor of h and 121.
11
Let a be (-2)/((-70)/205) + 1/7. Calculate the highest common divisor of 2 and a.
2
Let f be ((-248)/(-20) + -2)*10. Let j = -106 + 64. Let m = -29 - j. What is the greatest common factor of m and f?
13
Let r = -52 - -88. What is the greatest common divisor of 90 and r?
18
Let f be 3 + (2 - 3) + -2. Let a be -2 + f/(-3) - -7. Calculate the greatest common factor of a and 2.
1
Let h be 37368/243 - (22/(-18) - -1). Calculate the highest common divisor of h and 14.
14
Let g = -19 + 31. Suppose 6*y + 675 = y. Let r be 3 + y/(-3 + 0). Calculate the highest common factor of g and r.
12
Let o = 186 + -126. Suppose 3*p + 2*p - o = 0. Suppose q - 27 - 18 = -5*h, 0 = -5*q + 25. Calculate the highest common divisor of p and h.
4
Let p(w) = -4 - w - w**2 + w - 4*w. Let m be p(-3). Let g = m + 4. What is the highest common divisor of g and 2?
1
Let z(p) = -p**3 + 6*p**2 - p - 6. Let k be z(5). Let v = 579 + -299. Suppose 3*j = -j + v. What is the greatest common divisor of k and j?
14
Suppose 0 = -2*l + 8, -2*a = -7*a + l + 1. Let o = 2 - a. What is the greatest common factor of o and 1?
1
Suppose -3*u = 3*c - 36, 5*u = -4*c + 3*u + 52. Let s = -23 + 17. Let h = c + s. Calculate the greatest common divisor of h and 32.
8
Suppose 0 = l - w - 22, 108 = 4*l + w + 20. Calculate the greatest common divisor of l and 11.
11
Suppose -36 = -4*a - 4*v, 5*a = -v + 4*v + 53. Suppose -6*q + 11*q - 150 = 0. Calculate the greatest common divisor of a and q.
10
Suppose 2*t + 2*j = 232, 2*t = 4*j + 2 + 206. What is the greatest common divisor of 16 and t?
16
Let n be 3 + 0/(3/3). Suppose -j = n*j - 16. Let f(r) = r**3 - 4*r**2 + 4. Let m be f(j). Calculate the greatest common factor of 4 and m.
4
Let t = 39 + -12. What is the highest common factor of 9 and t?
9
Suppose 2*n + n - 24 = 0. Calculate the highest common factor of 64 and n.
8
Suppose -5*h + h = 8. Let q = 22 - h. Let j = 35 - 23. Calculate the greatest common divisor of j and q.
12
Let y be (-2360)/(-30) - 6/9. What is the highest common divisor of y and 195?
39
Suppose -5*f + 50 = 2*h - 5*h, -28 = 2*h - 2*f. Let w = h + 18. What is the greatest common divisor of 12 and w?
4
Suppose 0*h - 5*h + 50 = 0. Let v = -34 + 59. Calculate the highest common divisor of v and h.
5
Suppose -r = -4*v + 98, 4*r + 6 = v - 11. Calculate the highest common factor of v and 200.
25
Let d(g) = 2*g**2 + 2*g - 19. Let q be d(-6). Calculate the greatest common factor of q and 82.
41
Let f = 15 - 5. Let p(t) = -6*t - 4. Let r be ((-2)/(-4))/((-1)/8). Let s be p(r). Calculate the greatest common factor of s and f.
10
Suppose 2*f - 7*f + 55 = 0. Let u(y) = 3*y + 2. Let z be u(-8). Let d be (z/(-3))/((-8)/(-12)). What is the highest common factor of f and d?
11
Let v(g) = g**2 - 14*g - 4. Let s be v(-4). Calculate the highest common factor of s and 17.
17
Suppose 0 + 8 = 4*a. Suppose p + 396